?
27
Suppose -4*z + 4 + 944 = 0. What is the remainder when z is divided by 20?
17
Suppose -2*r - r + 3 = 0. What is the remainder when r - -23 - 1/2*6 is divided by 6?
3
Let y(k) = 2*k**3 + 44*k**2 - k - 17. Calculate the remainder when 19 is divided by y(-22).
4
Let m = -21 - -18. What is the remainder when 69 is divided by 2*m*(17 + -20)?
15
Suppose 0 = 23*k - 34*k + 176. Suppose -2*s = s - 45. What is the remainder when ((-189)/(-12))/(6/k) is divided by s?
12
Suppose 168 = -2869*v + 2876*v. Calculate the remainder when v is divided by 4.
0
Suppose 5*i - 15 + 125 = 0. Let x = i + 144. What is the remainder when x is divided by 31?
29
Suppose 0 = 6*p - p - 10. Suppose b = -p*b + 117. Suppose -23 = -a + 3*o, 46*o + 17 = a + 49*o. What is the remainder when b is divided by a?
19
Let o = 120 + -46. What is the remainder when o is divided by ((-22)/33)/((-3)/171)?
36
Let j(v) = -v**3 + 31*v**2 + 3*v + 65. What is the remainder when j(31) is divided by 53?
52
Let n(p) = p**2 - 2*p - 7. Let c be n(-4). Suppose 2*d - 17 = c. Suppose -d = -2*b + 17. What is the remainder when b is divided by 10?
7
Let z(n) = -6*n + 1 + 23*n - 13 - n**2. What is the remainder when z(13) is divided by 21?
19
Calculate the remainder when 285 is divided by 227/7 - (-2 + (-102)/(-42)).
29
Suppose 0 = 5*s + 11743 - 2533. Let x = -96 - -116. What is the remainder when s/(-24) - (-1)/4 is divided by x?
17
Suppose -17 = -3*n - 5. Let d be 21 - (-8)/n*1. Suppose 0*t - d = -t. What is the remainder when t is divided by 5?
3
Suppose -5*t + 3*z = -1386, -3*t + 8*t - 1388 = 4*z. Suppose -4*y + t = -8*a + 4*a, -4*y + 256 = a. Calculate the remainder when y is divided by 23.
19
Suppose -4*d - 2*p = 16, -3*d - 24 = 3*p - 6. Calculate the remainder when 38 is divided by d + (-72)/(-39) - 132/(-13).
8
Suppose -3*u + 141 = 3*p, -4*u = 1 + 3. Let z = -25 - -27. Suppose -z*d = -d - 17. Calculate the remainder when p is divided by d.
14
Suppose -4*d = -49 - 47. Suppose 24*l - 53 = 187. What is the remainder when d is divided by l?
4
Calculate the remainder when 184 is divided by (-126)/84 + (87/2 - -1).
12
Suppose -39*v + 36*v = -291. Suppose 0 = 2*p + 3*s - v, 2*s = 3*p - 61 - 117. What is the remainder when p is divided by 15?
11
Suppose -2*u - m = 131, -2*u + 2*m = 4*m + 136. Let r = u - -91. What is the remainder when 138 is divided by r?
26
Suppose 0 = -14*r + 12*r - 86. Let v = -29 - r. What is the remainder when 51 is divided by v?
9
Let d(r) = 2*r - 4. Let h be d(3). Suppose -3*g = 5*y + 13, -h*y = 1 + 9. Suppose 5*f = 5*w + 105, 3*w - g = 5. What is the remainder when 47 is divided by f?
23
Let v(n) = 16*n + 52. Let g(o) = -5*o - 17. Let l(m) = 7*g(m) + 2*v(m). Calculate the remainder when 14 is divided by l(-6).
2
Suppose -134*n = -129*n - 45. Calculate the remainder when 28 is divided by n.
1
Let d = 877 - 638. What is the remainder when d is divided by 40?
39
Suppose w = -w + 62. Let i(f) = -f**2 - 8*f - 10. Let v be i(-7). Let o = v + 14. What is the remainder when w is divided by o?
9
Suppose 0*b - b = -q - 20, -56 = -4*b - 2*q. Suppose -3*c = -0*c - 18. Suppose c*v - 10 = v, -2*v + 22 = 3*f. What is the remainder when b is divided by f?
4
Let w(p) = -12 + 12 + 8*p**2 - 7*p + 2*p - p**3. What is the remainder when w(4) is divided by 10?
4
Let y(m) = -4*m**3 - 4*m**2 + 2*m - 1. Let u be y(1). What is the remainder when 55 - u - (1 - (-2 - -7)) is divided by 30?
6
Let h(n) = n + 1. Let j be h(7). Suppose r + 0*r - j = 0. Suppose -r*a = -13*a + 65. Calculate the remainder when a is divided by 7.
6
Let t = -436 - -573. What is the remainder when 1641 is divided by t?
134
Suppose 81 = -0*k + 4*k + 5*h, 60 = 3*k + 3*h. Let i(l) = -13*l + 0 - 2 + k*l. Calculate the remainder when 30 is divided by i(3).
14
Suppose 3 = -5*h + 18. Suppose -h*j + 460 = j. Suppose 4*i = 20 + 136. What is the remainder when j is divided by i?
37
Let z = 948 + -881. What is the remainder when z is divided by 36?
31
Suppose -k = 5*i - 12, -2*k - 3 = 3*k + 4*i. What is the remainder when 35 is divided by -2*105/(-10) + k?
17
Let g(m) be the third derivative of -m**4/24 + m**2. Let f be g(-10). Suppose o + 5*c = 6, -o = c + 2*c - f. Calculate the remainder when 61 is divided by o.
13
Let m = -234 + 252. Calculate the remainder when (6/(-9))/((-7)/1281) is divided by m.
14
Let l = 1425 + -1411. What is the remainder when 33 is divided by l?
5
Let a be 1 + (0 - 4) - -27. Let h = -20 + a. Let i = 6 + 10. What is the remainder when i is divided by h?
0
Let f(h) = h + 2. Let t be f(7). Let o = -5 + t. Let v = -116 - -122. Calculate the remainder when v is divided by o.
2
Let x = 50 + -24. Suppose -4*c = -x - 62. What is the remainder when 109 is divided by c?
21
What is the remainder when -1*66/11 + 2169/3 is divided by 15?
12
Calculate the remainder when -7 - -65 - 0/(-1) is divided by 8.
2
Let d(l) = l**2 + l + 6. Let p be (-259)/91 + 2/(-13). Calculate the remainder when 21 is divided by d(p).
9
Let q(k) = -49*k**3 - k**2 - k - 1. Let z be q(-1). Suppose 0 = -12*j + 10*j + z. Calculate the remainder when 82 is divided by j.
10
Let g = 6 + -4. Suppose -4 = -3*t + g. Suppose 3*k - t*a = -4*a + 93, -3*k = a - 96. What is the remainder when k is divided by 9?
6
Let x = 14 + -12. Let h(n) = 13*n**x - 15*n**2 - 1 - 6*n + 5*n**3 + 5*n. Calculate the remainder when h(2) is divided by 8.
5
Suppose -8*g - 315 = -29*g. What is the remainder when 59 is divided by g?
14
Let z = -4 - -8. Suppose 6*d - z*d - 6 = 0. Suppose -d*u + 69 = -6. What is the remainder when u is divided by 9?
7
Suppose 0 = 5*i + 3*t + 103, i = -3*t - 19 - 4. Let r = 53 - 19. Let b = r + i. What is the remainder when 26 is divided by b?
12
Suppose 0 = -4*l + 3*q + 42 - 3, -3*l - 4*q = 2. What is the remainder when (0 - 84/(-9))/(4/l) is divided by 8?
6
Suppose -96 = -b + 16. Calculate the remainder when (-1 - (-7)/(-2))/((-42)/b) is divided by 9.
3
Suppose 4*h + 12 - 144 = 0. Suppose 3*q + h = 3*n, 2*q + 3*q = 2*n - 16. Calculate the remainder when n is divided by 3.
1
Let m(t) = 2*t + 2. Let z = 36 - 23. Suppose -15*d + 82 = -z*d. Calculate the remainder when d is divided by m(6).
13
Let u(c) = 141*c - 655. Suppose 4*q - 4*y - 103 = 297, -4*y = 16. Calculate the remainder when q is divided by u(5).
46
Suppose -3*w + 286 = 5*n, 7*w - 10*w - 4*n = -287. Let q = 36 - 16. What is the remainder when w is divided by q?
17
Let k(u) = -u**3 - 9*u**2 - 15*u + 4. What is the remainder when k(-8) is divided by 26?
8
Let n(f) = -20*f + 147. What is the remainder when 260 is divided by n(7)?
1
Let y = -2431 - -2525. Calculate the remainder when y is divided by 20.
14
Let q be -1*(-1 - (1 - -4)). Let f(m) = 2*m**2 + 19*m + 11. Let s be f(-9). Calculate the remainder when (90/q)/(s/2) is divided by 4.
3
Let p = -6 - -11. Suppose -p*s - 321 = -2*s. Let q = -66 - s. What is the remainder when q is divided by 21?
20
Let o = -54 - -80. Suppose 3*d - 16*k + 15*k - 140 = 0, -5*d - 2*k + 237 = 0. Calculate the remainder when d is divided by o.
21
Let b be 10/(-8)*44/(-1). Suppose -2*h + 89 = -b. Suppose -5*u + 13 = 5*k - 87, 0 = 4*u - 4*k - h. What is the remainder when 37 is divided by u?
18
What is the remainder when 45 is divided by 12/(-7*4/(-56))?
21
Let y(k) = -29*k - 3. Let s(m) = m**3 + 8*m**2 + 10*m + 4. Calculate the remainder when y(-2) is divided by s(-4).
27
Suppose 82 = 4*j - 130. What is the remainder when 261 is divided by j?
49
Let p(l) = l**2 + 8*l + 15. Let r be p(-5). Calculate the remainder when 624/28 + (2/(-7) - r) is divided by 5.
2
Let r(x) = 4*x**2 + 81*x - 58. Let q = 11 + -6. Suppose q*i - 32 = 28. What is the remainder when i is divided by r(-21)?
2
Let j = -211 - -395. What is the remainder when j is divided by 17?
14
Suppose 4*z - 2*t - 64 = 0, 4*t = 4*z - 88 + 24. Let h = 39 + z. Calculate the remainder when h is divided by 8.
7
Let x = -1036 + 1095. Calculate the remainder when 407 is divided by x.
53
Let b(d) = d**3 + 11*d**2 + 9*d - 1. Let q = -57 + 47. What is the remainder when b(q) is divided by 3?
0
Let v(d) = 2*d**2 - 30*d - 206. What is the remainder when v(-7) is divided by 31?
9
Suppose 44 + 206 = 2*c. Suppose 4 = m + 3*q, 5*q + 11 - 3 = 2*m. Suppose m*k - c = -17. Calculate the remainder when k is divided by 7.
6
Let a = -